factors of f?
11503
Let a(l) = l**3 + 2*l**2 - l. Let k(u) = -4*u**3 - 19*u**2 - 12*u + 18. Let x(j) = 6*a(j) + k(j). What are the prime factors of x(7)?
5, 47
List the prime factors of ((-7)/14 - 5166/(-60))*60.
2, 3, 107
Suppose -4*p + 14*g + 92242 = 0, 5*g = -157*p + 156*p + 23052. List the prime factors of p.
23057
Suppose 0 = -28*y + 10*y + 43*y - 518125. List the prime factors of y.
5, 829
Let w(v) = -31*v**3 - v**2 + 85*v + 775. What are the prime factors of w(-8)?
3, 19, 31
Let k be (-1 - -7 - 7) + 423. Let n = k - 383. What are the prime factors of n?
3, 13
Suppose -57*b + 212121 = -44*b. List the prime factors of b.
3, 7, 37
Suppose -4*m - 13*a + 8760 = -15*a, -5*m = 2*a - 10923. List the prime factors of m.
3
Let d be ((-4)/8)/((-1)/4). Let k = -653 + 657. Suppose d*a = -2*y - a + 79, -k*a = 5*y - 194. List the prime factors of y.
2, 19
Let x be (41/123)/(2*2/60). Suppose x*j + 5*h = 4500, -1755 + 6253 = 5*j + 3*h. What are the prime factors of j?
29, 31
Suppose 7 + 13 = -4*g. Let p(c) = -c**3 - 5*c**2 + 5. Let k be p(g). Suppose 4*w - 144 = 2*n, -6*w - k*n + 165 = -w. What are the prime factors of w?
5, 7
Let c = 459 - 167. Suppose c + 1070 = 4*m - 3*g, -3*m + 2*g = -1021. What are the prime factors of m?
3, 113
Let u(v) = 12 - 893*v + 907*v + 82. What are the prime factors of u(-5)?
2, 3
Let w(j) = 5*j + 52. Let o(t) = -7*t - 3. Let f be o(1). Let z be w(f). Suppose z*b = -u - 2*u + 7, -2*b - 18 = -2*u. What are the prime factors of u?
5
Let c(d) = 67 - d + 106 + 16*d + 175. What are the prime factors of c(28)?
2, 3
Let p(w) = -6*w - 26. Let q be p(-5). Suppose 3*n + 32 = q*y, -8 - 38 = 5*n - 3*y. What are the prime factors of (9/8)/(-9) - 1121/n?
2, 5, 7
Let u(d) = -175*d + 11810. List the prime factors of u(-25).
3, 5, 13, 83
Suppose 16*k + 24 = 20*k. Let d = -41 - -45. Suppose -7*x = -k*x - d. What are the prime factors of x?
2
Suppose -2*o + 4*l = 2590, -11*l + 9*l = 5*o + 6487. Let x = o - -2117. List the prime factors of x.
2, 5, 41
Suppose 136*g - 76*g - 72*g + 215268 = 0. What are the prime factors of g?
17939
Let i = 791 - 395. Suppose -2*y - w = -i, -3*y - 2*w - 3*w = -580. Suppose -3*x - n - 47 = -y, -x + 3*n = -61. List the prime factors of x.
2, 13
Let x be (-23 + 13)*(-11)/(-2). Let q = 16 - x. List the prime factors of q.
71
What are the prime factors of 17721 - 6*(6 - (-75)/(-10))?
2, 3, 5, 197
Let q(x) = 2*x - 60. Let m be q(40). Let i(n) = -n**3 + 20*n**2 + 20*n - 22. What are the prime factors of i(m)?
2, 3, 7
Let n = -22 + 29. Suppose -5*v + 10 = -x - 1, -5*v + n = -2*x. What are the prime factors of 181/v - (-24)/36?
61
Suppose 6*x + 759 = 17*x. Let p = x + -64. What are the prime factors of ((44/10)/((-1)/p))/(-2)?
11
What are the prime factors of 2*5/(-40)*-1 - 28299/(-4)?
5, 283
Suppose -5*j + 258 = 3*z, 81 = 2*z + 4*j - 89. Let c = z + -43. Suppose 4*l = 5*l - g - 44, l - 5*g = c. List the prime factors of l.
43
Suppose -4*b = -3*m + 20 + 32, m - 5*b - 10 = 0. Suppose 0 = -0*x - 4*x + m. Suppose 0 = -d - 2, -x*d + 205 - 23 = 3*l. List the prime factors of l.
2
Suppose -239*v + 240*v - 3 = 0. Suppose v*r - 75 = 870. What are the prime factors of r?
3, 5, 7
Let h(m) = -71*m + 1039. List the prime factors of h(-47).
2, 547
Let z = 53 - 259. Let v = -1180 + 832. Let d = z - v. List the prime factors of d.
2, 71
Let m(d) = 2*d**2 - 4*d. Let k be m(2). Suppose 0 = -2*r - k - 4, -s + 5*r = -87. Let y = s + 28. What are the prime factors of y?
3, 5, 7
Let f(d) = -29*d - 2. Let m be f(2). Suppose -488 = t + 5*o - 130, 1678 = -5*t + 3*o. What are the prime factors of (-24)/m + t/(-5)?
2, 17
Let u(i) = -7156*i - 3681. List the prime factors of u(-4).
24943
Suppose -7 = a - 11, a = 5*z - 1941. What are the prime factors of z?
389
Suppose -2*q + 14*l = 3*l - 30835, -3*l = q - 15375. List the prime factors of q.
2, 3, 5, 19
Suppose 2*a - 57438 = 2*m, a = -6*m + 2*m + 28684. List the prime factors of a.
2, 37, 97
Let l be (-8)/(-10) + (-4)/(120/(-160626)). Suppose 46*d - 55*d = -l. List the prime factors of d.
5, 7, 17
Suppose 3*n - 51*d + 56*d = 94666, -3*d - 63155 = -2*n. List the prime factors of n.
31567
Suppose 25*y - 181540 = -4*y. List the prime factors of y.
2, 5, 313
Let r(l) = -l**3 + l - 27. Let i be r(0). Suppose -149 = 2*n - 303. Let h = n - i. List the prime factors of h.
2, 13
Let i be (24 + -22)/((-4)/(-670)). Suppose 331*d - i*d = -2064. List the prime factors of d.
2, 3, 43
Suppose 0 = 772*t - 770*t - 6, 406 = 2*o + 4*t. What are the prime factors of o?
197
Let l = -59 + 54. List the prime factors of ((-417)/5)/(l/25).
3, 139
Suppose 5*r = 35*r - 630570 + 143790. What are the prime factors of r?
2, 7, 19, 61
What are the prime factors of (-3)/5 - ((-576390)/25)/6?
2, 17, 113
Let r(v) = 2853*v**2 - 29*v - 3. List the prime factors of r(2).
11351
Let o be 2269*4/12 - 6/(-9). Suppose -o - 803 = -13*f. What are the prime factors of f?
2, 3, 5
Let s = 118139 + -66658. List the prime factors of s.
51481
Let f(t) = -2*t**2 + 173*t - 34. What are the prime factors of f(76)?
2, 11, 71
Suppose 721*f - 725*f = -3*b + 22313, -4*b + 5*f = -29753. What are the prime factors of b?
11, 677
Let b = 4366 - 2484. Let r = b + -796. What are the prime factors of r?
2, 3, 181
Let x(u) = -79*u + 2780. List the prime factors of x(-10).
2, 3, 5, 7, 17
Suppose 2*h + 692 = -2*h + 4*w, 3*w + 346 = -2*h. Let s = h + 343. What are the prime factors of s?
2, 5, 17
Let z(f) = -171*f**3 - 2*f**2 + f + 2. Let r(g) = -10*g + 39. Let c be r(4). List the prime factors of z(c).
2, 5, 17
Suppose 12*k = -0*k. Suppose 16*f + k*f = 3696. What are the prime factors of f?
3, 7, 11
Let m(b) = -7436*b**3 + 10*b**2 + 2*b - 3. What are the prime factors of m(-1)?
7, 1063
Suppose -100*v = -230920 - 239480. What are the prime factors of v?
2, 3, 7
Let k(i) = -3*i - 51. Let l be k(-19). Suppose l*d + 307 - 1093 = 0. What are the prime factors of d/(-3)*(3 - 9)?
2, 131
Let x(c) = -3*c**2 - 2 - 23*c**3 + 8*c**3 - 4*c + 13*c**3. Let a be x(-2). Suppose 9*u - a*u = -127. List the prime factors of u.
127
Suppose 114*h - 79940 = -3*f + 112*h, 0 = -5*h - 10. List the prime factors of f.
2, 3331
Let t(h) = -19*h**2 + 7. Let k be t(-4). Let w = 583 + -153. Let r = w + k. What are the prime factors of r?
7, 19
What are the prime factors of 4*((-3)/30)/((-20)/634150)?
11, 1153
Let n be -17 + 2 - -6 - -13. List the prime factors of (n/(-12))/(9/(-4833)).
179
Let r = 9361 + -1539. What are the prime factors of r?
2, 3911
Suppose 6*o - 31950 = -9*o - 3*o. What are the prime factors of o?
5, 71
Suppose -2*j + 6*j + 14 = 5*t, -5*j = 2*t + 1. Suppose -2*l + 759 = -2*w - w, 747 = -3*w - t*l. Let v = w + 358. What are the prime factors of v?
107
Suppose 19141*h + 136180 = 19185*h. List the prime factors of h.
5, 619
Suppose l + 2*y - 3 = 0, 0*l - y = -l - 6. List the prime factors of (308*l)/(2 + -4).
2, 3, 7, 11
Let u(i) be the first derivative of 11*i + 23 + 23/3*i**3 + 9/2*i**2. What are the prime factors of u(-3)?
191
Suppose 3*v = 3*p - 15, p + 9 = -2*v + 2*p. Let o be 0 - -5 - v/4. What are the prime factors of ((-36)/(-21))/(o/189)?
2, 3
Let t(a) = 3*a**2 - 11*a - 916. List the prime factors of t(-36).
2, 421
Suppose 3*q = -3*u - 153, -u = -0*q + 3*q + 47. Let w = u - -133. Let v = -19 + w. What are the prime factors of v?
61
Let l(m) = -m**2 - 22*m + 7. Suppose o + 3*p - p = 39, 82 = 2*o + 2*p. Suppose o + 23 = -6*j. What are the prime factors of l(j)?
2
Let m(f) = -12*f - 29. Let q be m(-6). Suppose -56 - 15 = -4*b + 5*g, -2*b - 5*g = -q. Suppose 6*a + b = 151. What are the prime factors of a?
2, 11
Let y = -198 - -194. Let p(c) = 33*c**2 + 2*c + 20. What are the prime factors of p(y)?
2, 3, 5
Suppose 4*w - 10*m = -8*m + 15202, -3811 = -w - 3*m. What are the prime factors of w?
2, 1901
Suppose -337*i + 3196147 = -98*i. List the prime factors of i.
43, 311
Let v(x) = 2404*x**2 - 20*x - 17. What are the prime factors of v(-2)?
3, 7, 17
Suppose -4*j + 5*p = -4268, 0*j = -5*j - 5*p + 5335. Suppose 293 - j = -6*v. Let s = v - 100. What are the prime factors of s?
29
Suppose g + 4*d = 13, -5*g - 3*d + 26 = -g. Let v be (-2)/(-7)*1/(g/70). Suppose 2*b = -5*l + 6*b + 1241, -v*l + 996 = -4*b. List the prime factors of l.
5, 7
Let u(o) = -o**3 - 5*o**2 - o + 8. Let y 